 187 = s + 212. What are the prime factors of i?
2, 67
Let r(j) = 22*j - 16. Let o be r(5). Suppose -4*k - 2*q - 3*q = -o, 3*k - 2*q = 59. What are the prime factors of k?
3, 7
Suppose 0 = -16*m - 387 - 173. Let t = 72 - m. What are the prime factors of t?
107
Let y = 26 - 40. Let b = -11 - y. Suppose 4*m - 3*u - 3 = 1, -b*m - 8 = -5*u. What are the prime factors of m?
2
Let s be ((-100)/60)/(2/(-6)). Suppose s*t + 0*t = 15, 3*f + 3*t - 180 = 0. What are the prime factors of f?
3, 19
Let i(x) = -x**2 + 11*x - 7. Let k be i(10). Suppose 0 = -k*l - 0*l - 30. Let z = 12 - l. What are the prime factors of z?
2, 11
Let o = -2024 + 5712. List the prime factors of (-2)/(-11) - o/(-44).
2, 3, 7
Suppose y + 12 = 5*y - 2*m, 0 = -y + m + 2. Let h(f) = 9*f + 10 - 2 - 6. List the prime factors of h(y).
2, 19
Let z = 748 - 388. Suppose 0*h - z = -4*h. What are the prime factors of h?
2, 3, 5
Let o(h) = -h**2 + 2*h + 9. Let c be o(6). List the prime factors of (-2455)/(-25) - 12/c.
3, 11
Let y(v) be the first derivative of 23*v**3 - 3*v**2/2 - 4*v + 12. What are the prime factors of y(-1)?
2, 17
List the prime factors of 222 + 2 + -1 + 0 + -1.
2, 3, 37
Suppose 17*i - 8*i = 1440. What are the prime factors of i?
2, 5
Let x = -4 - -4. Let u(p) = -p**3 - p**2 + p - 5. Let y be u(x). What are the prime factors of (22/y)/1*-5?
2, 11
Let r(g) = -g**2 - 16*g + 2. Suppose -2*f + 3*l = 28, 0*f - l - 20 = 3*f. What are the prime factors of r(f)?
2, 3, 11
Let o = 75 - -60. Let k = -3 + 5. Suppose -k*c = 3*c - o. What are the prime factors of c?
3
Let f be (-80)/(-14) - (-11)/(539/14). Suppose -4*i = -14 - f. List the prime factors of i.
5
Let i(p) = -43*p - 209. List the prime factors of i(-13).
2, 5, 7
Suppose -5*v = -n - 24, -6*v - n = -v - 16. Suppose p - 2 = v. Suppose 0 = p*f - 5*f - 6. What are the prime factors of f?
2, 3
Let c(a) = 22*a**3 - a**2 - a + 1. Let y = 3 + -2. What are the prime factors of c(y)?
3, 7
Let q(a) = -a + 3. Let n be q(3). Let w(g) = 2*g - 12. Let z be w(21). Suppose n = 6*t - 4*t - z. What are the prime factors of t?
3, 5
Let z be 14/3*(-234)/(-91). Let h = -12 + z. Suppose -4*d + 0*y + 197 = -y, h = -3*d + 2*y + 154. List the prime factors of d.
2, 3
Let h = 19 + -14. Let t be 255/h - (4 + -1). Suppose 3*w = 45 + t. List the prime factors of w.
31
Let l be 2/(-7) + (-18)/(-63). Let m = -24 + 18. List the prime factors of l/1 + (-30)/m.
5
Suppose 12*i - 77286 = -21*i. What are the prime factors of i?
2, 1171
Let f = -41 - -23. List the prime factors of 86 - ((-3)/5 + f/(-30)).
2, 43
Suppose 21*k + 4368 = 24*k. What are the prime factors of k?
2, 7, 13
Suppose 4*j + 506 = 2*m, 2*j = 3 - 1. What are the prime factors of m?
3, 5, 17
Let s(w) = -w**2 + 45*w + 366. Let x be s(-7). Suppose -4*v - 6 = 2*o, o + 0*o - 3*v = 12. List the prime factors of (11 - (3 - o)) + x.
13
Suppose -23 = -5*v + 2. Let t = v - 0. List the prime factors of (t*-1)/((-3)/15).
5
Suppose -2*t - 60 = -5*c - 6*t, 3*c - 9 = 3*t. Suppose 3*u + 0*z = -3*z + 669, 0 = 4*z - c. List the prime factors of (u/(-26))/((-2)/12).
3, 17
Let x = 552 - -387. List the prime factors of x.
3, 313
Let d be (-13)/(-26) - 1/(-2). Let y = 1 + d. Suppose -10 = -y*h + h. List the prime factors of h.
2, 5
Let u be 2/(-2) + (-14 - -18). Suppose u*o - 4*s - 52 = 0, 4*o - 36 = 4*s + 40. List the prime factors of o.
2, 3
Let b(k) = 2*k + 4. Let v = 14 - 13. Suppose 4*d - d + 2*t - 17 = 0, -v = 5*d - 4*t. What are the prime factors of b(d)?
2, 5
Let v = 7048 + -3847. What are the prime factors of v?
3, 11, 97
Suppose 2*g = -5*s - 0*s + 1740, 0 = 5*s - 2*g - 1720. List the prime factors of s.
2, 173
Let n = 43 - 40. Suppose -258 = -4*i - 3*u - 105, -120 = -n*i - 4*u. What are the prime factors of i?
2, 3
Let r be 3 - (3 - 3 - -71). Let f be (-280)/r - 2/17. Let b(o) = 4*o. What are the prime factors of b(f)?
2
Suppose 0 = -229*u + 220*u + 37908. List the prime factors of u.
2, 3, 13
Let w = -1086 + 2210. What are the prime factors of w?
2, 281
Suppose 0 = 5*m - h - 19556, 6*m - 3*h = 7*m - 3908. What are the prime factors of m?
3911
Suppose 1247*r - 1239*r = 1064. Suppose -241 - 67 = 4*s. Let c = r + s. List the prime factors of c.
2, 7
Let q(k) = -k**2 - 8*k + 13. Suppose m + 26 - 17 = 0. Let i be q(m). List the prime factors of ((-90)/i)/(1/(-2)).
3, 5
Let v = -51 - -81. Suppose -3*b - t = -2*b - 2, -3*b + 5*t = -v. Suppose -d + 5*f = -b - 50, 0 = 3*d - f - 165. What are the prime factors of d?
5, 11
Let k(m) = -m**2 + 2. Let b be k(4). Suppose -2*g + 66 = 2*y, -4*g - y + 134 = y. Let s = g + b. What are the prime factors of s?
2, 5
Suppose -7*c = -5*c + 3*f - 2414, 2*f = -4. What are the prime factors of c?
2, 5, 11
Let d(c) = c**2 - 9*c + 9. Let a be d(7). Let i(b) = b**3 + 3*b**2 - 7. Let z be i(a). What are the prime factors of (0 + z)/(15/(-10))?
2, 19
Let h be ((-2)/4)/(2/36). Suppose 68 = 5*t - 57. Let d = h + t. What are the prime factors of d?
2
Suppose 3*q - 3094 = -2*z, 849 = 3*q + 4*z - 2243. What are the prime factors of q?
2, 3, 43
What are the prime factors of 420/75*(-125)/(-2)?
2, 5, 7
Let b(u) = 11*u + 6. Let r be b(6). Let c = r - 51. List the prime factors of c.
3, 7
Let x(b) be the first derivative of -24*b**2 - 44*b - 16. What are the prime factors of x(-7)?
2, 73
Let g = 5 + 32. Suppose g*p - 32*p - 565 = 0. What are the prime factors of p?
113
Suppose o - 4*b = -o - 6, b = -o. Let n be o/(1 - 2) + 34. Let y = -15 + n. List the prime factors of y.
2, 5
Suppose -4*o - 2*r = -2, 7 = 5*o - 0*r + r. Suppose -l + 179 = -4*y, -5*y - 179 = -3*l + o*l. What are the prime factors of l?
179
Let d(r) = -r**2 - 32*r - 45. Let z(v) = 2*v**2 + 65*v + 89. Let p(j) = 5*d(j) + 2*z(j). What are the prime factors of p(-19)?
2, 3
Suppose n - 11 = 6. Let c(d) = 11*d - 28. What are the prime factors of c(n)?
3, 53
Let r = 1 + 5. Let w = -3 + r. Let k = w - -1. List the prime factors of k.
2
Let t be 106 + 9 + 0 + -3. Suppose 2*m + a - 24 = -65, 4*a - t = 4*m. Let w = m + 35. List the prime factors of w.
2, 3
Let i be 112/12 + (-4)/12. What are the prime factors of i/(2/((-80)/(-15)))?
2, 3
Suppose -58 = -4*t - 6. Let r(l) = -3 - t*l - 5 + 4*l**2 - 5*l**2. List the prime factors of r(-9).
2, 7
Suppose 8*z - 5*z - 5*y - 271 = 0, -4*z + y + 350 = 0. Suppose 5*s = -2*k + 55, 3*k + s - z = -2*s. List the prime factors of k.
2, 3, 5
Let b = -20 + 24. Suppose -u - 55 = j - 2*j, -2*j + b*u = -118. List the prime factors of j.
3, 17
Suppose -5*d = 4*m - 5858 + 579, 3*d - 5*m - 3197 = 0. What are the prime factors of d?
3, 353
Suppose -p - 5*f + 16 = -5, 5*f - 19 = p. What are the prime factors of (-2)/(-8) - p/(-4)*383?
2, 3
Let d(j) = j**3 + 13*j**2 - 2*j - 5. List the prime factors of d(-7).
3, 101
Suppose -3 = -3*h - 0, -h - 15 = -4*z. Suppose m = z*m - 294. What are the prime factors of m?
2, 7
Suppose 4*r = -2*q - 0*r + 8, 0 = -5*q + 3*r - 32. Let k(z) = 5*z**2 - 3*z + 2. Let p be k(2). List the prime factors of p/q*-3 - 3.
3
Let n = -434 - -894. List the prime factors of n.
2, 5, 23
Suppose 0 = 2*g - a - a - 10, 0 = 4*a + 12. Suppose -g*p + 0*p = 108. List the prime factors of (-2)/(-9) + (-96)/p.
2
Let l be 159*(5 + -4) + 3. Let u = 319 - l. Let b = -93 + u. What are the prime factors of b?
2
Let n(r) = r**3 + 5*r**2 + 5. Suppose -p = 1 - 0. Let j be 6*p*(-2)/(-3). List the prime factors of n(j).
3, 7
Let r be (-2)/5 - (-16)/40. Let m = 2 + r. Suppose c + 4*h = 3*h + 8, -m*c = 4*h - 22. List the prime factors of c.
5
Suppose w = 4*x - 152, 27 = -x + w + 62. Suppose -12 + x = 3*d. What are the prime factors of d?
3
Let l(y) = y**3 + 9*y**2 - 15*y + 86. List the prime factors of l(-10).
2, 17
Let c(r) = -r**3 - 5*r**2 - 4*r + 3. Let y(b) = 6*b**3 + 3*b + 3. Let i be y(-1). List the prime factors of c(i).
3, 7
Suppose 0 = -t + 8 + 1. Suppose d - 2*l = 21, 0*d - l + t = d. List the prime factors of d.
13
Suppose -702 = -17*m + 11*m. Let p = m - 115. List the prime factors of p.
2
Let p(o) = 2*o - 34. Let w be p(19). Suppose -5*b - 570 = -w*d - 31, 0 = 4*d - b - 559. List the prime factors of d.
3, 47
Let q(d) = 6*d**3 + 2*d**2 + d - 2. Let n be q(-3). Let b = 230 + n. What are the prime factors of b?
3
Let f = -31 + -10. Suppose 7*i - 370 = 2*i. Let t = i + f. List the prime factors of t.
3, 11
Let